ine d(j).
-33
Let d(z) be the first derivative of 3*z - 1/2*z**2 - 4. Suppose j - v + 6 + 2 = 0, 10 = 2*v. Give d(j).
6
Suppose 0 = 33*h + 2*h - 140. Let f(q) = 3*q - 2. What is f(h)?
10
Let o(s) = s**3 + 13*s**2 + 15*s + 29. Let h be o(-12). Let f(w) = w**2 + 5*w - 4. Determine f(h).
10
Suppose 4*l + 43 = -25. Let a = l - -20. Let v(n) = 3*n + 2*n**3 + 3 - a - 1 - 5*n - n**2. What is v(2)?
7
Let h be ((-6)/9)/(2*2/(-12)). Let z(g) = -4*g + 3*g - 5*g + 3*g + 2*g**h - 1. Give z(3).
8
Let j(g) = -g**2 - 9*g - 7. Let i be j(-8). Let a(m) be the first derivative of 8*m**2 - 73. What is a(i)?
16
Suppose 5*m - 39 = -k, -3*m + 0*k = k - 23. Let u = m - 5. Let x(b) = -2*b + u + 0 + b**2 - 2*b**2 + 7*b. Determine x(4).
7
Let g(n) be the second derivative of n**5/10 + 2*n**4/3 + 5*n**3/6 + 3*n**2 - 443*n. Determine g(-5).
-69
Suppose 2*r = 4, -236 + 250 = -2*k - r. Let w(h) = -h**3 - 7*h**2 + 6*h - 17. Determine w(k).
-1
Let z(b) be the second derivative of -b**4/6 - 3*b**3/2 - b**2/2 + 33*b - 1. Determine z(-4).
3
Let x(s) = -3*s + 50. Let v be x(18). Let h(d) = 6*d - 1 + 6 - 1 + 2. Give h(v).
-18
Suppose -4*p = 2*j - 22, -2*p + 3*j - 27 = -6*p. Suppose 13 = 3*r - 5*k, -5*r - p*k + 45 = 12. Let i(a) = -2 - 2 + 9 + r + a. Determine i(-6).
5
Let x(r) = -r**3 + r**2 + r. Let c(a) = -3*a**3 - 4*a**2 - 5*a - 5. Let y(n) = -c(n) + 2*x(n). Calculate y(-4).
9
Let q(b) = -8*b - 2. Let k(s) = -5*s + 22. Let c be k(4). Determine q(c).
-18
Let l(h) = -2*h + 33. Let o be l(16). Let w(g) = 52*g - 48*g + 1 - o. Give w(1).
4
Let v be 26/(-39)*(-14 + 2). Let q(i) = i**2 - 10*i. Determine q(v).
-16
Suppose 6 = -i - x, 8*i - 5*x = 3*i + 20. Let f(p) = 34*p**3 + 2*p**2 - 1. Determine f(i).
-33
Let x(a) be the third derivative of -a**7/280 + a**5/120 - a**4/24 - 2*a**3 - 23*a**2. Let o(w) be the first derivative of x(w). Calculate o(2).
-23
Suppose -d + 5*y = 2, d = -2*d + 2*y - 6. Let n = -25 - -25. Let f(q) = -q**3 - 2*q + 155 - 158 - 2*q**2 + n*q. Calculate f(d).
1
Let g(c) = -c - 4. Let h be g(-3). Let t be (-4)/(-6)*(-312)/(-16). Let j(f) = 5*f + 9*f - t*f. Determine j(h).
-1
Let p = -2 + 2. Let v(z) = 4 - 15 + 22 - z. Calculate v(p).
11
Let h = 7 + 1. Let m(q) = h - 21 + 7 - q. Let b be m(-5). Let r(l) = 6*l**2 - l. Determine r(b).
7
Let a(h) = h**3 - 7*h**2 + 6*h + 9. Let o be a(4). Let z(k) = 2*k + 25. Give z(o).
-5
Let b(d) = 4*d + 21. Let i = 1750 - 1756. Determine b(i).
-3
Let w(u) = u**3 + 7*u**2 + 10*u + 7. Let l be w(-5). Let o(p) = -p**3 + 8*p**2 - 6*p - 12. Let x be o(l). Let r(t) = t**2 + 5*t + 6. Determine r(x).
6
Let z(c) = 133 + c + 134 - 14*c**2 - c**3 - 391 + 133 + 0*c**3. What is z(-14)?
-5
Let s(h) = -9*h**3 + 23*h**2 + 43*h - 17. Let k(q) = -13*q**3 + 25*q**2 + 43*q - 17. Let v(l) = -2*k(l) + 3*s(l). Determine v(21).
4
Let t(x) = -1. Let d(g) = -g**3 - 5. Let c(b) = d(b) - 4*t(b). Suppose -45*i = -53*i - 16. Determine c(i).
7
Let z(q) = q**3 - 9*q**2 + q + 6. Let k be z(9). Let i(f) = 11 + 3 + f**2 + 5*f**3 - k. Let c(m) = m. Let h be c(-1). Calculate i(h).
-5
Suppose 2*s - 24 = -22*s. Let q(l) = 3*l**3 - 2*l + 1. Calculate q(s).
2
Suppose 0 = 57*k + 81 - 366. Let h(d) = 5*d + 4. Give h(k).
29
Suppose 4*v + 17 = a, 10*v - 4 = 11*v. Let m(j) = 2*j - 4. Let f(t) = -t + 5. Let h(q) = -3*f(q) - 4*m(q). What is h(a)?
-4
Let d(i) be the third derivative of -1/24*i**4 + 0 + 2/3*i**3 + 3*i**2 + 0*i. Give d(8).
-4
Let z = -145 + 148. Let y(v) be the third derivative of v**4/12 - 2*v**3/3 - v**2. Calculate y(z).
2
Let i(u) = u**2 + 15*u + 27. Suppose 35*y + 286 = 13*y. What is i(y)?
1
Let y(r) be the third derivative of -7*r**2 + 0*r - 1/3*r**4 + 2*r**3 + 1/120*r**5 + 0. Let x(z) be the first derivative of y(z). Calculate x(6).
-2
Let u(o) be the first derivative of -o**4/4 + o**3/3 - o**2/2 + 854. Let f(b) = b - 2. Let q be f(3). Calculate u(q).
-1
Let j be (1/(-2))/(1/12). Let z(h) be the second derivative of -h**3/2 - 3*h**2 - 3106*h. Give z(j).
12
Let u(a) = -2*a - 1. Let n be u(-2). Let x(r) = n*r - 5 + 5*r + r**2 - 2 - 5*r. Let z = -8 - -3. What is x(z)?
3
Let t = -13 - -13. Let o(i) = -1 + 2*i + 3*i - i**2 + t*i**2 - 4. Determine o(5).
-5
Let c(b) = b + 8. Let j be c(-7). Let r(h) = -j + 2*h + 3*h - 8*h + 0*h. Determine r(7).
-22
Let h(j) = 3*j - 4. Suppose 120 = -15*o - 9*o. Calculate h(o).
-19
Let p be -1 + (26 - 0 - 1). Suppose 10 = -22*j + p*j. Let k(i) be the second derivative of -i**5/20 + i**4/2 - 7*i**3/6 - i**2/2 - i. Give k(j).
-11
Let l(t) = t + 2. Let n(o) = o**2 + 5*o - 8. Suppose h = 0, 2*b + 5*h + 7 = -7. Let y be n(b). What is l(y)?
8
Let k(a) be the second derivative of a**6/80 - a**5/120 - a**4/6 - 17*a**3/3 - 3*a - 3. Let r(c) be the third derivative of k(c). What is r(-1)?
-10
Suppose -4*k + 2*r - 2 - 2 = 0, -4*k - 2*r = 20. Let q be (-7)/(14/6) - -5. Let f(l) = -2*l + q + 0*l + 4*l**2 + 7*l + l**3 - 3*l. What is f(k)?
5
Let n(x) = -1. Let r(z) = 6*z + 7. Let c be (-1 + 5)*6/24. Let m(p) = c*r(p) + 6*n(p). Calculate m(4).
25
Let t = -13 - -13. Let b be 0 + -2 - -2 - t. Let a(y) = -y**2 - 4. What is a(b)?
-4
Let o be ((-10)/6)/(3/(-9)). Let n(p) = 5*p - 7. Let x(w) = -4*w + 7. Let g(h) = 5*n(h) + 6*x(h). Calculate g(o).
12
Let p(v) = 2*v**2 - 2*v - 1. Suppose -3*a + 30 = 3*a. Suppose a*z - 3*s = -13, -s + 11 = -4*z + 2*s. Determine p(z).
11
Let y(i) be the second derivative of -37*i + 7/12*i**4 + 0 - 5/2*i**2 + 7/6*i**3 + 1/20*i**5. What is y(-6)?
-11
Let v(b) = 2*b**3 + 4 + 16 + 3*b + 4*b**2 - 20. What is v(-2)?
-6
Let o(u) = 3*u**3 - 4*u**2 - 6*u + 6. Let x be o(1). Let r(v) = 6*v**2 - 4*v - 2. Give r(x).
8
Let a be (28/(-8) - -1) + (-2)/4. Let i(j) = 6*j + 4. Give i(a).
-14
Let y = -21 + 31. Suppose -25 = 15*v - y*v. Let m(u) = -u**3 - 4*u**2 + 7*u + 5. Give m(v).
-5
Let y be 2/(-5) - (27/(-5) + -2). Let x(u) = -u**3 + 6*u**2 + 8*u - 4. What is x(y)?
3
Let f = 132 + -128. Let q(y) be the second derivative of -1/2*y**3 - y + 5/2*y**2 + 0. What is q(f)?
-7
Let u(b) be the third derivative of 2/3*b**3 + 1/24*b**4 + 1/15*b**5 + 0 - 1/120*b**6 + 0*b + 9*b**2. Determine u(4).
8
Let o(j) = -7*j - 1. Let a(x) = -8*x + 3. Let i(w) = 4*a(w) - 5*o(w). Determine i(-7).
-4
Let q(n) be the second derivative of n**7/2520 - n**6/120 + n**5/30 - 7*n**4/12 + 15*n. Let w(m) be the third derivative of q(m). Let d = 10 + -7. What is w(d)?
-5
Let s(r) = -15*r**2 - 12 - r + 6159*r**3 - 6158*r**3 + 2*r. What is s(15)?
3
Let k(m) = -5*m**2 - 8*m - 4. Let i(s) = -9*s**2 - 15*s - 8. Let z(c) = 6*i(c) - 11*k(c). Let g = 6 + -3. Determine z(g).
-1
Suppose -4*b + 62 - 42 = 0. Let r(n) = 4*n**3 - n**2 - 7*n + 2. Let u(w) = -w**3 - w**2 - 1. Let m(c) = -r(c) - 3*u(c). Determine m(b).
11
Let x(t) be the second derivative of -17*t**3/6 - t**2/2 - 385*t. Give x(1).
-18
Let d(c) = 5*c - 95. Let q be -11*(-15)/440 - (-149)/8. Calculate d(q).
0
Let s(q) = -q**3 + 2*q**2 + q + 3. Let y(f) be the second derivative of -f**5/4 + 3*f**4/4 + f**3 + 8*f**2 + 8*f. Let z(m) = 11*s(m) - 2*y(m). What is z(4)?
-3
Let i = 16 + -14. Let d(p) = 5*p + 3. Let u(z) = z. Let r(f) = i*d(f) - 14*u(f). Calculate r(4).
-10
Let b(y) = -y - 3. Suppose 5*k = n + 8 + 21, 5*k - 4*n = 41. Suppose -13 = -k*z - 3. Suppose 3*l - z*l - 3 = -2*g, -5*g - 3*l + 9 = 0. Give b(g).
-3
Let r(s) = 6*s**2 + 18*s + 26. Let o(t) = 7*t**2 + 19*t + 28. Let v(x) = 5*o(x) - 6*r(x). Calculate v(-11).
6
Suppose 2*l - v - 48 = 0, v - 3*v = 5*l - 102. Let k(t) = -5*t + 3*t - t**2 - l + 28. Calculate k(-6).
-18
Let u(w) be the third derivative of w**4/24 - w**3/3 + 54*w**2 + 2. Let x = 2 - -1. Let t(c) = -c + 1. Let p(k) = x*u(k) + 4*t(k). Determine p(0).
-2
Let k(f) = f**3 + 3*f**2 + 2*f - 2. Suppose -5*z + 2 = -3. Suppose 4*b + 7 + z = 0. Give k(b).
-2
Let w be (-3)/(-3) - (-3 + -21). Suppose -b = 4*b + w. Let m be (b/2)/((-6)/(-12)). Let a(g) = g. What is a(m)?
-5
Let l(h) = -2*h - 3. Let z = 207 + -210. Determine l(z).
3
Let y(q) = -24*q - 8 + 7 + 18*q + 12*q. Calculate y(-2).
-13
Let y(z) = -4*z**3 - 1 + 3*z**3 - 3 + z + 1 - 3*z**2. Let r(u) = -u**3 - 3*u**2 + 2*u - 2. Let q(f) = -3*r(f) + 2*y(f). Suppose 10 = -5*a - 10. Determine q(a).
0
Let f(s) = 3*s + 2 + 0*s**2 + 5*s - 3*s**2 + 4*s**2. Suppose i = -1, c - 4*i + 5 = -5*i. What is f(c)?
-14
Let f(h) = 7*h - 30. Let p be f(5). Let n(t) = -t**2 + 3*t + 2. Wh